- 23. What is i(-16)?
-7
Let h(s) = -s**3 + 6*s**2 + 2*s - 6. Determine h(7).
-41
Let y(o) = o**3 - 6*o**2 + 5*o - 6. Determine y(4).
-18
Let r(z) = z**2 + 18*z + 32. Calculate r(-10).
-48
Let g(l) = l**2 + 22*l + 30. Determine g(-14).
-82
Let m(b) = 3*b + 22. Determine m(12).
58
Let t(d) = 7*d + 3. Give t(-2).
-11
Let d(c) = c + 3. Calculate d(7).
10
Let p(u) = u**2 - 7*u - 1. Calculate p(11).
43
Let g(f) = f**2 - 33*f + 65. Determine g(31).
3
Let j(d) = -10*d - 4. Calculate j(1).
-14
Let i(p) = -3*p**2 - 25*p - 65. Give i(-5).
-15
Let d(a) = a**2 - 5*a - 1. What is d(4)?
-5
Let q(u) = 6*u - 50. Calculate q(8).
-2
Let n(c) = -c**2 - 3*c + 39. Give n(0).
39
Let b(n) = -n**2 - 9*n + 76. Determine b(-14).
6
Let g(p) = 9*p + 219. Give g(-19).
48
Let f(n) = -2*n - 6. What is f(-7)?
8
Let y(g) = g**2 - 16*g + 29. Give y(20).
109
Let a(h) = 8*h - 8. What is a(-4)?
-40
Let u(v) = -2*v**2 - v - 8. Give u(0).
-8
Let x(i) = 2*i + 6. Give x(-3).
0
Let t(p) = 3*p - 12. Determine t(9).
15
Let v(k) = -2*k**2 + 4*k - 4. Determine v(2).
-4
Let z(g) = g**3 - 20*g**2 - 7*g + 14. Determine z(20).
-126
Let d(y) = -y**2 + 10*y + 5. Give d(10).
5
Let j(l) = -l**3 - 4*l**2 - 7. Calculate j(-4).
-7
Let g(a) = 7*a**2 + a - 1. Calculate g(2).
29
Let v(l) = -l**3 + 18*l**2 - 54*l - 44. Calculate v(14).
-16
Let m(j) = j**3 - 14*j**2 + 14*j - 14. Determine m(13).
-1
Let j(w) = -44*w + 1. Calculate j(1).
-43
Let t(w) = -2*w + 82. Calculate t(34).
14
Let c(u) = -9*u + 6. Determine c(6).
-48
Let j(s) = 5*s - 4. Calculate j(2).
6
Let r(u) = -u**3 - 7*u**2 + 2*u - 5. Give r(-8).
43
Let x(l) = l**2 + l. Determine x(-4).
12
Let h(v) = 2*v - 1. What is h(7)?
13
Let b(l) = -l**3 + 4*l**2 - 4*l + 6. Determine b(3).
3
Let o(f) = 8*f + 39. Give o(-5).
-1
Let n(s) = -s**2 - 10*s + 17. Determine n(-12).
-7
Let j(c) = c**2 + 46*c + 74. What is j(-44)?
-14
Let c(o) = o**2 + 4. Calculate c(4).
20
Let z(j) = 11*j - 5. Give z(2).
17
Let h(p) = 24*p + 3. Give h(-2).
-45
Let u(i) = i**3 + 14*i**2 + 12*i - 10. Determine u(-13).
3
Let r(b) = 19*b**3 - 2*b - 1. Calculate r(-1).
-18
Let w(k) = -2*k - 66. Give w(-28).
-10
Let j(u) = -3*u - 1. What is j(-1)?
2
Let l(w) = 20*w**2 + 1. Give l(1).
21
Let s(j) = j**2 - 4*j - 46. Give s(0).
-46
Let l(t) = t**3 + 7*t**2 - 5*t + 5. Determine l(-8).
-19
Let v(t) = 6*t**2 - 6*t - 7. Calculate v(-2).
29
Let o(s) = -32*s - 3. Give o(-3).
93
Let p(c) = -c**3 + 18*c**2 + 18*c + 16. What is p(19)?
-3
Let t(d) = 6*d**2 - 18*d + 6. What is t(3)?
6
Let j(k) = k + 19. Calculate j(-21).
-2
Let k(r) = -2*r - 3. What is k(2)?
-7
Let q(d) = -2*d**2 + 87*d + 52. What is q(44)?
8
Let s(q) = q**2 - 12*q + 12. Give s(5).
-23
Let u(z) = -z**3 + 12*z**2 - 15*z + 16. Calculate u(10).
66
Let p(n) = -3*n**3 - 5*n**2 + 2*n - 2. Determine p(2).
-42
Let s(n) = -n - 4. Calculate s(11).
-15
Let f(g) = -g**3 - 4*g**2 + 10*g - 10. Calculate f(-6).
2
Let b(t) = -t**3 - 8*t**2 - 6*t - 40. Calculate b(-8).
8
Let o(j) = -4*j + 8. What is o(3)?
-4
Let m(a) = 3*a**2 - 67*a + 23. Determine m(22).
1
Let h(z) = -z**3 - 15*z**2 - 16*z + 6. Calculate h(-13).
-124
Let j(r) = 18*r + 277. Give j(-14).
25
Let c(p) = -2*p**2 + 48*p - 133. Give c(3).
-7
Let y(k) = -60*k + 6. Calculate y(3).
-174
Let s(a) = 13*a + 94. What is s(-8)?
-10
Let b(r) = 10*r + 198. Calculate b(-20).
-2
Let z(x) = -x**3 + 6*x**2 - 2*x - 2. Determine z(4).
22
Let p(x) = -x**3 + 8*x**2 + 2. Give p(8).
2
Let o(n) = 2*n**2 - 13*n + 3. Give o(6).
-3
Let c(j) = j**3 + 6*j**2 - 16*j - 11. Determine c(-8).
-11
Let j(u) = 7*u - 10. Determine j(-12).
-94
Let y(z) = -z**2 - 5*z + 8. Give y(-8).
-16
Let m(c) = -14*c - 1. Determine m(-1).
13
Let g(z) = -2*z**3 + 35*z**2 + 23*z - 27. Determine g(18).
63
Let l(u) = 2*u + 6. Determine l(-7).
-8
Let q(a) = a**3 + 10*a**2 + 8*a + 1. Calculate q(-9).
10
Let t(u) = u**3 + 9*u**2 - 11. Calculate t(-9).
-11
Let p(u) = -u**2 + 5*u + 31. Give p(9).
-5
Let f(d) = d**2 - 6*d - 42. What is f(10)?
-2
Let o(w) = 6*w - 52. Give o(7).
-10
Let n(k) = -2*k**2 - 2*k + 1. Give n(-3).
-11
Let f(x) = 14*x**2 + x + 2. What is f(-2)?
56
Let w(l) = -l + 39. What is w(-12)?
51
Let f(w) = w**3 + 18*w**2 + 7*w + 12. Give f(-18).
-114
Let i(s) = s**2 + 13*s - 48. Determine i(3).
0
Let r(w) = -w**2 - 19*w - 76. Determine r(-10).
14
Let l(m) = -m**3 + 20*m**2 + 25*m - 85. Calculate l(21).
-1
Let i(h) = 7*h - 43. Give i(6).
-1
Let w(h) = 6*h - 12. Give w(9).
42
Let l(z) = z**3 - 10*z**2 + 10*z - 7. Calculate l(9).
2
Let q(h) = h**2 + 2*h - 30. Calculate q(5).
5
Let p(z) = -z**3 + z**2 + 4*z + 17. What is p(4)?
-15
Let i(v) = -2*v**3 + v**2 - 3*v + 1. Determine i(2).
-17
Let o(r) = 28*r + 1. What is o(1)?
29
Let r(o) = o**2 - 13*o + 27. Determine r(10).
-3
Let i(n) = -n**3 - 3*n**2 - 6*n - 5. What is i(-2)?
3
Let d(t) = -t**2 - 59*t - 486. Determine d(-49).
4
Let r(t) = 3*t**2 + 68*t + 35. Give r(-22).
-9
Let d(h) = -h**2 + 21*h + 63. Give d(23).
17
Let q(d) = -d**2 + 3*d + 82. Determine q(-8).
-6
Let q(m) = m**3 + 5*m**2 - 15*m - 5. Give q(-7).
2
Let d(o) = 16*o**2 + 4*o - 4. Determine d(1).
16
Let g(m) = m**2 - 2*m - 1. Determine g(-5).
34
Let q(z) = 2*z**3 + 30*z**2 - 32*z + 2. Give q(-16).
2
Let s(q) = 8*q - 77. What is s(10)?
3
Let i(f) = 4*f**2 - f + 6. What is i(-3)?
45
Let g(x) = -3*x - 21. Determine g(10).
-51
Let z(x) = 2*x**3 + 2*x**2 - 3*x. Determine z(2).
18
Let a(l) = 66*l + 1. Give a(-1).
-65
Let o(j) = -j**3 - 16*j**2 + 2*j + 26. Calculate o(-16).
-6
Let i(f) = 4*f**2 - 70*f + 23. What is i(17)?
-11
Let v(t) = t**2 + 7*t - 7. Determine v(4).
37
Let s(z) = -16*z + 102. What is s(6)?
6
Let p(u) = -u**2 + 11*u - 5. Determine p(7).
23
Let j(w) = -42*w. Give j(-1).
42
Let l(f) = -f**3 + f**2 + 13*f - 1. What is l(4)?
3
Let m(j) = -j**2 + 6*j - 4. Calculate m(5).
1
Let w(j) = j**3 + 6*j**2 - 20*j + 5. Determine w(2).
-3
Let o(i) = 3*i**3 - 3*i**2 - 5*i - 3. Give o(-1).
-4
Let p(y) = y**3 - 10*y**2 - 4*y - 78. Determine p(11).
-1
Let c(a) = 16*a + 1064. Determine c(-67).
-8
Let j(l) = -4*l + 32. Give j(7).
4
Let r(b) = -4*b - 85. Give r(-22).
3
Let a(q) = q**3 - 10*q**2 - 22*q - 13. Determine a(12).
11
Let v(z) = z + 2. Calculate v(-11).
-9
Let w(n) = n + 25. Calculate w(0).
25
Let m(i) = 5*i**2 - 99*i - 20. What is m(20)?
0
Let g(r) = 8*r + 4. Calculate g(-4).
-28
Let u(j) = -2*j**2 + 23*j + 28. What is u(12)?
16
Let u(l) = -9*l - 171. What is u(-19)?
0
Let w(x) = -x**3 + x**2 + x - 5. Determine w(0).
-5
Let f(v) = 14*v**2 + 10*v + 9. Determine f(-1).
13
Let p(h) = 13*h - 2. Calculate p(6).
76
Let b(g) = -5*g - 1. Determine b(-9).
44
Let q(x) = -x**3 - 5*x**2 - 3*x - 1. Determine q(-4).
-5
Let f(s) = -6*s + 183. Calculate f(30).
3
Let n(h) = h**2 - 2*h - 121. Give n(-10).
-1
Let s(d) = -d - 3. Calculate s(-5).
2
Let c(m) = m**3 + 8*m**2 + 7*m + 5. Give c(-7).
5
Let p(r) = -8*r - 426. Give p(-53).
-2
Let l(o) = o**2 + 3*o + 7. Give l(-6).
25
Let r(n) = n + 25. Give r(-32).
-7
Let w(g) = 61*g + 1022. Give w(-17).
-15
Let j(d) = 13*d - 817. What is j(62)?
-11
Let p(v) = v**3 + 10*v**2 + 12*v + 4. Calculate p(-9).
-23
Let a(s) = -s**3 + 10*s**2 - 2*s + 7. What is a(9)?
70
Let q(p) = -2*p + 18. Calculate q(9).
0
Let p(m) = m - 1. Give p(-10).
-11
Let c(v) = -v**3 - 12*v**2 - 18*v - 3. Determine c(-4).
-59
Let s(t) = -t**2 - 28*t - 34. What is s(-27)?
-7
Let x(r) = -r**2 + 24*r - 51. Give x(21).
12
Let i(y) = -y**2 + 11*y + 20. What is i(14)?
-22
Let o(k) = -k**3 + 6*k**2 - 5*k + 9. What is o(6)?
-21
Let r(q) = -q**2 + 3*q - 10. Determine r(5).
-20
Let x(t) = -22*t. Give x(1).
-22
Let t(l) = l**2 + l - 11. Calculate t(0).
-11
Let m(z) = 43*z - 486. Determine m(12).
30
Let x(k) = -k**3 + 5*k**2 - 10*k + 11. Determine x(3).
-1
Let s(r) = r**3 + 15*r**2 - r - 9. Calculate s(-15).
6
Let d(u) = 6*u - 8. Calculate d(1).
-2
Let c(y) = -y**3 + 5*y**2 + y - 2. Give c(5).
3
Let o(v) = -2*v**3 - 21*v**2 - 11*v - 16. Determine o(-10).
-6
Let h(y) = -3*y**2 + y - 6. What is h(3)?
-30
Let z(l) = -5*l**2 - 3. Give z(3).
-48
Let x(f) = -f**3 + 13*f**2 - 32*f + 7. Determine x(10).
-13
Let i(a) = a**3 - 8*a**2 - 19. Determine i(9).
62
Let m(z) = -9*z**2 + z. Give m(1).
-8
Let o(j) = -j**3 - 10*j**2 + 8*j - 24. What is o(-11)?
9
Let p(b) = 3*b**2 + 2*b - 3. Determine p(1).
2
Let q(f) = f**3 + 9*f**2 + 10*f + 15. Calculate q(-8).
-1
L